er when 286 is divided by 35?
6
Calculate the remainder when 2650 is divided by 34.
32
Calculate the remainder when 75 is divided by 25.
0
Calculate the remainder when 1822 is divided by 25.
22
Calculate the remainder when 56 is divided by 24.
8
Calculate the remainder when 2152 is divided by 106.
32
Calculate the remainder when 512 is divided by 31.
16
Calculate the remainder when 15959 is divided by 46.
43
Calculate the remainder when 283 is divided by 91.
10
Calculate the remainder when 1004 is divided by 485.
34
Calculate the remainder when 27 is divided by 21.
6
Calculate the remainder when 14649 is divided by 91.
89
What is the remainder when 367 is divided by 11?
4
Calculate the remainder when 1238 is divided by 246.
8
What is the remainder when 310 is divided by 150?
10
What is the remainder when 123 is divided by 10?
3
What is the remainder when 27 is divided by 20?
7
What is the remainder when 341 is divided by 149?
43
Calculate the remainder when 79 is divided by 18.
7
What is the remainder when 931 is divided by 79?
62
What is the remainder when 501 is divided by 14?
11
What is the remainder when 30 is divided by 11?
8
What is the remainder when 32 is divided by 8?
0
What is the remainder when 313 is divided by 129?
55
Calculate the remainder when 254 is divided by 240.
14
What is the remainder when 2981 is divided by 6?
5
What is the remainder when 75 is divided by 26?
23
Calculate the remainder when 33 is divided by 11.
0
Calculate the remainder when 5474 is divided by 73.
72
What is the remainder when 92 is divided by 38?
16
Calculate the remainder when 843 is divided by 10.
3
Calculate the remainder when 2988 is divided by 13.
11
What is the remainder when 80 is divided by 30?
20
Calculate the remainder when 2571 is divided by 46.
41
Calculate the remainder when 210 is divided by 23.
3
What is the remainder when 117 is divided by 46?
25
What is the remainder when 573 is divided by 157?
102
What is the remainder when 542 is divided by 88?
14
What is the remainder when 1608 is divided by 107?
3
Calculate the remainder when 657 is divided by 214.
15
What is the remainder when 4668 is divided by 29?
28
Calculate the remainder when 146 is divided by 27.
11
What is the remainder when 167 is divided by 20?
7
What is the remainder when 93 is divided by 14?
9
What is the remainder when 71 is divided by 20?
11
What is the remainder when 47 is divided by 5?
2
Calculate the remainder when 159 is divided by 27.
24
Calculate the remainder when 864 is divided by 473.
391
Calculate the remainder when 1158 is divided by 58.
56
What is the remainder when 458 is divided by 23?
21
Calculate the remainder when 264 is divided by 125.
14
Calculate the remainder when 360 is divided by 44.
8
Calculate the remainder when 3422 is divided by 1134.
20
What is the remainder when 810 is divided by 400?
10
What is the remainder when 1181 is divided by 585?
11
What is the remainder when 1368 is divided by 158?
104
Calculate the remainder when 687 is divided by 53.
51
What is the remainder when 1272 is divided by 254?
2
Calculate the remainder when 6082 is divided by 52.
50
What is the remainder when 473 is divided by 9?
5
Calculate the remainder when 1225 is divided by 30.
25
Calculate the remainder when 155 is divided by 70.
15
Calculate the remainder when 662 is divided by 74.
70
What is the remainder when 118 is divided by 91?
27
Calculate the remainder when 799 is divided by 20.
19
What is the remainder when 394 is divided by 20?
14
Calculate the remainder when 502 is divided by 56.
54
What is the remainder when 751 is divided by 54?
49
Calculate the remainder when 223 is divided by 39.
28
Calculate the remainder when 11 is divided by 10.
1
Calculate the remainder when 3239 is divided by 30.
29
Calculate the remainder when 12958 is divided by 15.
13
What is the remainder when 291 is divided by 2?
1
Calculate the remainder when 19 is divided by 5.
4
Calculate the remainder when 162 is divided by 76.
10
Calculate the remainder when 11547 is divided by 231.
228
What is the remainder when 279 is divided by 31?
0
What is the remainder when 3845 is divided by 104?
101
What is the remainder when 308 is divided by 100?
8
What is the remainder when 47 is divided by 7?
5
Calculate the remainder when 728 is divided by 27.
26
Calculate the remainder when 845 is divided by 75.
20
Calculate the remainder when 2686 is divided by 56.
54
What is the remainder when 1396 is divided by 23?
16
What is the remainder when 4484 is divided by 33?
29
Calculate the remainder when 627 is divided by 154.
11
What is the remainder when 642 is divided by 23?
21
What is the remainder when 179 is divided by 93?
86
Calculate the remainder when 1417 is divided by 61.
14
Calculate the remainder when 84 is divided by 24.
12
Calculate the remainder when 502 is divided by 166.
4
Calculate the remainder when 367 is divided by 111.
34
What is the remainder when 1078 is divided by 77?
0
What is the remainder when 101 is divided by 29?
14
What is the remainder when 2053 is divided by 42?
37
Calculate the remainder when 136 is divided by 1.
0
Calculate the remainder when 211 is divided by 22.
13
What is the remainder when 70 is divided by 59?
11
What is the remainder when 109 is divided by 19?
14
Calculate the remainder when 567 is divided by 3.
0
What is the remainder when 387 is divided by 109?
60
Calculate the remainder when 986 is divided by 141.
140
Calculate the remainder when 24181 is divided by 226.
225
What is the remainder when 358 is divided by 10?
8
What is the remainder when 609 is divided by 135?
69
Calculate the remainder when 528 is divided by 234.
60
What is the remainder when 3 is divided by 2?
1
Calculate the remainder when 542 is divided by 138.
128
Calculate the remainder when 90 is divided by 57.
33
What is the remainder when 358 is divided by 12?
10
What is the remainder when 6443 is divided by 584?
19
Calculate the remainder when 153 is divided by 113.
40
What is the remainder when 1055 is divided by 270?
245
Calculate the remainder when 18288 is divided by 155.
153
Calculate the remainder when 103 is divided by 34.
1
What is the remainder when 72 is divided by 27?
18
What is the remainder when 1205 is divided by 23?
9
What is the remainder when 429 is divided by 125?
54
Calculate the remainder when 376 is divided by 14.
12
What is the remainder when 141 is divided by 21?
15
What is the remainder when 2928 is divided by 101?
100
What is the remainder when 3214 is divided by 5?
4
What is the remainder when 101 is divided by 48?
5
Calculate the remainder when 212 is divided by 27.
23
Calculate the remainder when 39177 is divided by 12.
9
Calculate the remainder when 551 is divided by 24.
23
Calculate the remainder when 348 is divided by 39.
36
Calculate the remainder when 771 is divided by 155.
151
What is the remainder when 5093 is divided by 51?
44
What is the remainder when 379 is divided by 184?
11
What is the remainder when 11081 is divided by 78?
5
Calculate the remainder when 17471 is divided by 84.
83
What is the remainder when 579 is divided by 145?
144
What is the remainder when 1127 is divided by 3?
2
What is the remainder when 2582 is divided by 41?
40
Calculate the remainder when 28 is divided by 4.
0
Calculate the remainder when 872 is divided by 175.
172
What is the remainder when 362 is divided by 22?
10
What is the remainder when 51 is divided by 1?
0
Calculate the remainder when 276 is divided by 204.
72
What is the remainder when 142 is divided by 29?
26
What is the remainder when 6618 is divided by 76?
6
What is the remainder when 495 is divided by 63?
54
What is the remainder when 59 is divided by 36?
23
What is the remainder when 2493 is divided by 86?
85
Calculate the remainder when 12544 is divided by 267.
262
Calculate the remainder when 163 is divided by 83.
80
What is the remainder when 157735 is divided by 14?
11
What is the remainder when 328 is divided by 11?
9
What is the remainder when 1010 is divided by 44?
42
Calculate the remainder when 225 is divided by 109.
7
What is the remainder when 253 is divided by 127?
126
What is the remainder when 670 is divided by 32?
30
What is the remainder when 795 is divided by 38?
35
Calculate the remainder